0). Let p(o) = o**2 + o + 2. Calculate p(b).
2
Let d(f) = 61*f - 72*f + 51*f**2 - 52*f**2 + 17. Determine d(-13).
-9
Let r(u) be the third derivative of 1/12*u**5 - 1/24*u**4 - 2/3*u**3 + 0 - 1/120*u**6 - 24*u**2 + 0*u. Calculate r(4).
8
Let k(c) = 3*c + 3*c + 3 + 3*c - 7*c. What is k(6)?
15
Suppose 2*n - 3*u = -6*u - 1, 4*u = -3*n - 1. Let i(g) = -4*g + 1. What is i(n)?
-3
Let h(n) = n**3 - 6*n**2 + 4*n + 6. Suppose -8*p - 8 = -9*p - 3*d, -d = 2*p - 11. Give h(p).
1
Let w(d) = d**2 + 5*d + 9. Let k(r) = -2*r**2 - 9*r - 17. Let t(p) = 3*k(p) + 5*w(p). Let z(h) = -59*h - 1067. Let c be z(-18). What is t(c)?
-21
Let k(w) = w**2 + 4*w - 2. Suppose -5*n + 27 - 47 = 0. Give k(n).
-2
Suppose 0 = 3*i + 3*g + 6, 2*i - 5*i = g + 2. Let r(a) be the second derivative of 0*a**2 - 11*a - 1/6*a**3 - 1/12*a**4 - 1/20*a**5 + 0. Give r(i).
0
Let c(h) = h**3 - 6*h**2 + h - 6. Suppose -2*b - 3*b + 11 = -3*n, n - 7 = -b. Suppose k - 7 = -v, 0 = n*v - k - 0*k - 17. What is c(v)?
0
Let l(a) be the third derivative of 5/24*a**4 + 1/30*a**5 + 2/3*a**3 + 0*a + 0 + 6*a**2. Suppose 2*c = -4*m - 18, -c - 4*m + 12 = 27. Give l(c).
7
Let q(f) = f - 9. Let g(y) = y**3 + 2*y**2 - y. Let z be g(-2). Suppose -6*i = -2*t - 4*i + 24, 0 = -z*t + 5*i + 33. What is q(t)?
0
Let n(f) be the third derivative of -f**5/60 - f**4/24 + f**3/6 - 28*f**2. Let d be n(-1). Let k(s) = -5*s**3 + 2*s - 1. What is k(d)?
-4
Let u(a) be the third derivative of -a**4/24 + a**3/6 + a**2. Let v(k) = 2*k - 12. Let d be v(9). Calculate u(d).
-5
Let v(k) = 19*k - 25. Let a(n) = -29*n + 39. Let o(y) = 5*a(y) + 8*v(y). Give o(2).
9
Let n(m) = -19*m**3 + 4*m**2 - 7*m - 6. Let i(r) = -16*r**3 + 3*r**2 - 6*r - 5. Let o(b) = 6*i(b) - 5*n(b). Let s be ((-2)/(-3))/((-6)/9). Give o(s).
0
Let l be (5 + (-51)/2)/((-1)/2). Let t = -37 + l. Let s(o) = 2*o + 1 - 2*o - o. What is s(t)?
-3
Let d = -19 - -24. Let w(o) = -1 - 8 + 3*o + 6 - 3. What is w(d)?
9
Let d(f) = 42 - 41 - f - 13. Let k = 18 + -27. What is d(k)?
-3
Let u(z) = z**2 + 1. Let h(q) be the second derivative of q**4/12 - 2*q. Let y(l) = -5*h(l) + 4*u(l). Suppose 213*j = 214*j + 3. What is y(j)?
-5
Let u(v) = -10 - 6*v**2 + 14 - v**3 + 8*v - 4 + 0*v**3. Give u(-7).
-7
Let x(f) = -6*f**2 - 3*f + 21. Let a(w) = 5*w**2 + 4*w - 20. Let t(n) = -7*a(n) - 6*x(n). Let q be t(11). Let c(j) = 2*j + q - 25 + 4*j**2 + j**3. Give c(-3).
3
Let m(f) = -f - 1. Let n be 3/(4*2/8). Suppose 3*d - 3*i = -18, 0*i - 14 = 5*d + n*i. Give m(d).
3
Suppose 0 = w + 4*x + 24 - 0, -28 = w + 5*x. Let i(q) = q**2 + 7*q - 1. Calculate i(w).
7
Let v(n) = n**2 - 2*n + 7. Let z(o) = o - 1. Let q(u) = v(u) + 6*z(u). Let m be 1/4 - 5/20. Suppose 0 = 2*x - 4*r + 28, m*x = 4*x - r + 21. Give q(x).
1
Let w(j) be the first derivative of j**2/2 - 3*j - 57. Give w(11).
8
Let w(n) = -3*n + 1. Let f(l) = l + 2. Let b be f(0). Let g(y) = -2*y + 3. Let q be g(b). What is w(q)?
4
Suppose 0 = 2*l - 3*l + 22. Let a be l/6 + (-7)/(-21). Let d(u) = 6*u - 1 + 5*u**2 + a*u**2 - 5*u**2 - 3*u**2. Determine d(-5).
-6
Suppose -2*g + 3 = -g, -3*g + 41 = 4*n. Let q(v) = -v + 5 - 7 + n + 6. Determine q(7).
5
Let q(a) = -a**2 + 2*a + 3. Suppose -2*d + 2 = -d. Suppose -5*i + 9 = 2*v, 4*i - 6 - 12 = d*v. Give q(i).
0
Let u(b) be the second derivative of -1/12*b**4 + 1/2*b**2 + 3/5*b**5 - 4*b + 0*b**3 + 0. Give u(1).
12
Let r(z) = -3*z - 5 - 11 + 14 - 9 - 4*z - z**2. Determine r(-5).
-1
Let b(d) be the second derivative of -7*d**3/6 + d**2/2 - 12*d. Let f(v) = 2*v**2 + 20*v + 1. Let c be f(-10). What is b(c)?
-6
Let t(a) = 7*a**3 + 2*a**2 + 2*a - 23. Let v(z) = -21*z**3 - 7*z**2 - 7*z + 80. Let n(c) = 7*t(c) + 2*v(c). Determine n(1).
6
Suppose 5*f + 28 = -2*f. Let q(n) = -n**3 - 6*n**2 + 6*n + 4*n - 16*n - 1. Determine q(f).
-9
Let q(d) = d**2 - 10*d + 4. Let h(j) = j**2 - 9*j + 3. Let c(r) = 5*h(r) - 4*q(r). Let z be c(5). Let a = 6 + z. Let b(p) = -p**2 + 6*p - 1. Give b(a).
4
Let z = -270 + 277. Let o(b) = -b**2 + 6*b + 2. Calculate o(z).
-5
Suppose -2*y = 5*y - 70. Let c(m) = 2 + 18*m**2 - y*m**2 + m**3 - 13*m**2 - 5*m. Calculate c(6).
8
Suppose 0 = -48*r + 52*r. Let s(n) = -3*n - 2. Calculate s(r).
-2
Let u(b) = -8 - 6 - b**2 + 6 + 1 + 3. Calculate u(5).
-29
Let d(f) = 2*f + 2 - f**3 + 3*f**3 - 3. Suppose -14*w - 36 = -50*w. What is d(w)?
3
Let n = -31 + 36. Let p(t) = -4*t**2 + t + 5. Suppose 0 = -y + 3 - 1. Let s(v) = 3*v**2 - 2*v - 5. Let o(r) = y*p(r) + 3*s(r). What is o(n)?
0
Let w be (-5 - (-17)/2)*-2. Let i(p) = -8*p + 19*p - 9 - 10*p. Give i(w).
-16
Let p = -6 + 7. Let u(v) = v**3 + v. Calculate u(p).
2
Let o be (-42)/(-4)*36/21. Suppose -2*f = f - o. Suppose 0 = g - 3*y - 2, -g - 3*y + f = -4*g. Let z(a) = -a + 1. Give z(g).
5
Let z(j) = 3*j + 1. Let t be 96/(-15) - (-6)/(-10). Let d(k) = 9*k + 4. Let r(o) = t*z(o) + 2*d(o). Suppose 2*x - 10 = 7*x, 4*n + 4*x + 12 = 0. Calculate r(n).
4
Suppose -6*s = -565 + 529. Let i(g) = g**2 - 6*g + 5. Calculate i(s).
5
Let g(b) = b**3 + 5*b**2 - 2. Suppose 8*q = 68 + 4. Suppose -26 - q = 7*u. Determine g(u).
-2
Let m(w) = 11*w**3 - 15*w**2 + w + 14. Let d(j) = 7*j**3 - 10*j**2 + j + 9. Let u(y) = -8*d(y) + 5*m(y). Let k = 196 - 193. What is u(k)?
7
Suppose -33*r = -28*r - 30. Let b(i) = 0*i + 6 - 3*i + i. Determine b(r).
-6
Let x(a) = -2*a**2 + 3*a. Let o be (-1 - -6)*26*(-6)/20. Let s = -37 - o. Calculate x(s).
-2
Let h(w) be the second derivative of w**5/20 - w**2/2 - 255*w. Give h(-1).
-2
Let n(r) = -4 - 2*r - 10 + 5 + 7. Let t be (-6)/(-33) - (-316)/(-44). Calculate n(t).
12
Let t(q) be the third derivative of q**4/24 - q**3/6 + q**2. Let u be 16/(-3)*6/(-4). Let m(d) = d - 11. Let j be m(u). Determine t(j).
-4
Let x(t) = -t**2 - 10*t + 2. Let v be (-5)/(8/96*6). Determine x(v).
2
Let g(w) = -4 + w - w**2 - 9*w - 8 + 6. What is g(-7)?
1
Let f be (120/(-100))/((-2)/(-15)). Let a(w) = -w**2 - 9*w - 1. Give a(f).
-1
Let n be (-30)/(-12)*16/10. Suppose -4*m + 40 = n*w, -3*w + 0*w + m = -10. Let p(d) = d + 1. Calculate p(w).
6
Let x(a) = -10*a**2 - 2*a - 1. Suppose 7 = 6*p + 1. Let j be (145/(2 - -3))/p. Let g = -30 + j. What is x(g)?
-9
Let i(j) = -j + 10. Let y be i(8). Let k(s) be the first derivative of -2*s**2 - 3 - 5*s + 6*s + 0*s**y + 0*s. Determine k(-2).
9
Let q(l) = -2*l**2 - 3*l. Let k = 336 - 340. Calculate q(k).
-20
Let u(m) = m - 2. Suppose -3*z - x = 14, -4*z - 4*x - 24 + 8 = 0. Let l be z + 0 - (-8)/(-4). Give u(l).
-9
Let c(n) = -3*n - 6. Let p be 2*(49 + (-3)/1). Let a = p - 96. Give c(a).
6
Let z be 12/(-36) - (-124)/(-6). Let m be (14/z)/(2/6). Let u(h) = -2*h**3 - 3*h**2 - h + 2. What is u(m)?
8
Let w(x) be the first derivative of x**3/3 + x**2 + 3*x - 11. Let m be (-12)/(-54) + (-58)/18. Determine w(m).
6
Let h = -181 - -180. Suppose 0*i - 10 = 2*i. Let q(m) = -6*m**2 + 4*m + 4. Let t(y) = y**3 - 5*y**2 + 3*y + 3. Let v(c) = i*t(c) + 4*q(c). What is v(h)?
6
Suppose 2*v + 6*c - 10*c = 12, 3*v = -3*c + 9. Suppose v*d = 55 - 55. Let z(o) = -o + 5. Calculate z(d).
5
Let n(w) be the first derivative of 51*w**2/2 - w + 43. Calculate n(-1).
-52
Let m(w) = w**3 + 2*w**2 - 2*w - 4. Suppose -3*p = 4*t + 21, 5*p = 6*p - t. Determine m(p).
-7
Suppose 2*f + 5 = -g, 0*g - 20 = 4*g. Let x(a) = f*a + a + 3 + 0*a - 2 + 3*a**2. Give x(-2).
11
Let g(d) be the first derivative of -5*d**4/4 + 2*d**3 - d**2/2 + d - 3. Let k(b) = -b**3 + 1. Suppose 13 = 3*j + 1. Let v(m) = j*k(m) - g(m). Calculate v(6).
9
Let c(g) = 0*g**2 - 3 + 11 - 5*g - 9*g**2 + 8*g**2. Let r be c(-6). Let b(o) = 33*o**r - 55*o**2 + 23*o**2. Give b(-1).
1
Let y(a) be the third derivative of a**6/120 - a**5/15 - a**4/12 - a**2. Let h(u) = 48*u - 476. Let x be h(10). Give y(x).
-8
Let g(c) = -5*c**2 + 4*c - 10. Let o(x) = 4*x**2 - 3*x + 9. Let k(v) = 5*g(v) + 6*o(v). Let r = -18 + 21. Calculate k(r).
1
Let o(f) be the first derivative of -1 + 3*f + 1/3*f**3 + 3/2*f**2. What is o(-5)?
13
Let n(w) = w**2 + 7. Let r be 12/2 + -6 + 0. Give n(r).
7
Let u(k) = 5*k. Let f be u(1). Let l(b) = 0*b**2 + 5*b**2 + b**2 - 2*b**2 - 3. Let p(q) = 3*q**2 + q - 2. Let c(d) = 4*l(d) - 5*p(d). Determine c(f).
-2
Let u(c) = 3*c - 2 + c - 3*c + c**2. Let j = 4 + -40. Let s be ((-4)/8)/((-6)/j). What is u(s)?
4
Let s(b) be the third derivative of 3*b**3 + 0 + 0*b - 13*b**2 + 1/24*b**4. What is s(-10)?
8
Let l(w) be the 